m**5/20 + 4*m**4/3 + 5*m**3/6 + 77*m**2/2 + 67*m. Is g(11) a composite number?
True
Let p(y) = y**3 + 8*y**2 + y + 13. Let z be p(-8). Let o be -13*(-6 + z + -133). Let x = o - 865. Is x a composite number?
False
Let q = -5 + 4. Let p(m) = -11680*m + 3. Let b be p(q). Suppose -j + 2319 = -4*g, -4*j = -9*j - 2*g + b. Is j a prime number?
False
Let t = -5523 - -1336. Let u = t - -6820. Is u a composite number?
False
Let m = 298749 + -201326. Is m composite?
False
Suppose 65*a + 172*a - 13102071 = 0. Is a composite?
True
Let x = -1357 + -962. Let y = 6150 + x. Is y composite?
True
Let n = 4220727 + -2526376. Is n composite?
False
Let s(d) = -16 - 3062*d + 116 + 93. Is s(-8) prime?
False
Suppose -f = -2*f + 3*b - 9, 2*f + b = -4. Is (-1520)/(-12) + f/(-9) - 0 a composite number?
False
Let h(x) = 5*x**3 - 49*x**2 - 25*x + 34. Let o(z) = -3*z**3 + 33*z**2 + 17*z - 23. Let c(a) = 5*h(a) + 8*o(a). Is c(-17) a prime number?
False
Let c be (-1)/3 + 951390/135. Suppose 3*k + 0*k - 4*a = 4241, -5*k + c = 4*a. Is k a prime number?
False
Suppose 3*m - 8*m - 38 = 4*r, 0 = 4*m - 8. Let c(i) = 51*i**2 + 4*i + 83. Is c(r) prime?
False
Let o(r) = r**3 - 22*r**2 + 76*r - 14. Let u = 197 - 172. Is o(u) prime?
True
Suppose -168882 = -2*b - 2*u, 25*u - 23*u - 422202 = -5*b. Suppose 0 = 16*q - 52232 - b. Is q a prime number?
False
Let o(a) = -9*a - 52. Let t be o(-6). Suppose -t*g + 2906 = -2*k - 3154, -4*k = 4. Is g a prime number?
False
Let k(y) = 15*y - 609*y**2 + 853*y**2 + 1516*y**2 - 16*y. Is k(-1) a composite number?
True
Suppose j - 400 = 3*x, -392 = -j - 6*x + x. Suppose 1635 + j = 16*o. Is o a composite number?
False
Suppose 26714*x + 147644 = 26718*x. Is x composite?
True
Suppose 2*f + 2*w = 90162, 41*f - 135259 = 38*f - w. Is f composite?
True
Suppose -6*a = -a - 25. Let n(j) = 6*j**2 - j - 15. Let m be n(a). Suppose -f + 91 = -5*s, 2*f + s + 2*s = m. Is f a prime number?
True
Suppose 4*p + l = 4 - 24, -5*l = 2*p + 28. Is 12010*(45/(-6) - p - -4) composite?
True
Suppose 3*u = 21, -u - 443223 = -2*h + 93376. Is h prime?
False
Let k(d) = 1617*d**2 + 7*d + 1. Let i(o) = o**2 - 2. Let z(l) = 4*i(l) + k(l). Let m be 5 - ((-6)/2 + 7). Is z(m) prime?
True
Let d = -193054 - -331233. Is d composite?
False
Let p = 853002 + -547003. Is p a prime number?
True
Let b be (-8)/20 - (-1603)/(-5). Let l = -1081 + b. Is l*2/(-12)*3 prime?
True
Let m = 248 - 224. Suppose 150716 = m*w + 17348. Is w prime?
True
Suppose 0 = 6*u - 7278 - 7242. Let z = u - -1581. Is z composite?
False
Suppose 0 = 3*b - 2*j - 204623, -2*j + 207308 = 4*b - 65518. Is b a composite number?
False
Suppose -5*i - 3*r + 6833738 = 0, -2066*r + 2061*r + 5 = 0. Is i a composite number?
False
Suppose -104*r + 59*r + 7859205 = 0. Is r prime?
True
Let p = -44 + 62. Suppose 39 = -5*u + p*u. Suppose -l = i - 336, 2*l - 169 = -u*i + 508. Is l composite?
False
Suppose 3*i - 4*t = 561469, -2*i - 33*t + 374306 = -37*t. Is i a composite number?
False
Suppose 1296 = -43*z + 19*z. Is (-46991)/(-6) - (-45)/z a composite number?
True
Let b(u) = u**2 - 2*u - 3. Let l be b(0). Let z(m) = -312*m - 12. Let r be z(l). Suppose -r = -4*q + o + 3*o, 2*q = -3*o + 482. Is q a composite number?
True
Let r be 16/(-20)*(-3 - -28). Let p(c) = -390*c - 27. Is p(r) composite?
True
Suppose -5*w + 338*l = 341*l - 163660, l - 32734 = -w. Is w a composite number?
True
Let b(h) = 164*h**2 + 103*h + 160. Is b(-31) composite?
False
Let w = 23773 + 90573. Is w prime?
False
Let m = -514 + 213. Let c be 3/5 - 8/((-280)/m). Is -8306*(-1 - 4/c) a prime number?
True
Suppose -4*d = 2*p + 2 - 40, -4*p - d = -41. Suppose -9 + p = 8*t. Suppose -b = s - 2*s - 2894, 2*b - s - 5791 = t. Is b composite?
False
Suppose 2*w + 5*x - 155292 = 0, 0 = -26*w + 31*w + 3*x - 388249. Is w prime?
False
Suppose 17*o = 25*o - 112. Is (2934/(-12))/((-21)/o) composite?
False
Suppose 2110 = 7*m - 4484. Suppose 4*s = 4*d + 3*s - m, 239 = d - 2*s. Is d a prime number?
False
Is 6/(-4)*11516872/(-372) prime?
True
Let q be ((-462)/(-4))/((-2)/(-8)). Suppose 0 = 94*v - 88*v - q. Is v a prime number?
False
Let l(f) = 230*f**3 - 13*f**2 - 10*f - 92. Is l(9) a composite number?
True
Suppose 60*a - 63*a + 197385 = 9*v, v = 8. Is a a prime number?
False
Let v(s) = 2548*s - 5. Suppose -8*n - 6*n = -42. Is v(n) a composite number?
False
Suppose -356*c + 133664 = -364*c. Let j = 26951 + c. Is j a prime number?
True
Suppose -40*a + 36*a = 2*u - 501142, 1252875 = 5*u + 5*a. Is u prime?
False
Let f be 104/6 - (-34)/51. Let m = f + -13. Suppose -6*v = -v + m*k - 1345, -5*v + 2*k + 1345 = 0. Is v composite?
False
Suppose -3*w - 149477 = -5*u, -5*u = 47*w - 52*w - 149485. Is u a prime number?
False
Suppose 16*x + 138541 - 3945021 = 0. Is 8/10 - (x/(-25) - 10) composite?
True
Suppose 2*r + 9*r - 88 = 0. Let d(a) = 7*a + 279*a**2 + 170*a**2 + 71*a**2 - 28*a**2 + r. Is d(-3) a prime number?
False
Suppose 3*r - 3813 = -5*k, 5*k - 4*r - 3806 = -0*r. Suppose 3*w + k = 2*g + 8*w, 5*w + 20 = 0. Is g composite?
True
Let f = 2506 - 1181. Let d = f - 504. Is d prime?
True
Suppose -10 = 2*i, 15 = -5*k + 3*i - 6*i. Let h be (((-4)/6)/(-2))/((-11)/(-66)). Suppose k = -3*f + 2*x + 4083, 3*x + 5444 = 4*f + h*x. Is f composite?
False
Let r = -1413 - -2382. Let t = r + -1814. Is (-1)/(t/422 + 1 + 1) a prime number?
False
Let o = 14 - 14. Suppose 9*z + 0*z - 18531 = o. Is z a prime number?
False
Let s = 3124 + -1833. Suppose 6*i = 551 + s. Is i a prime number?
True
Let d = -2835 + 40232. Is d prime?
True
Suppose -5*x + 230 = 5*g, 0*g - 3*x + 240 = 5*g. Suppose 0 = g*c - 11*c - 433240. Is c a composite number?
False
Let a(x) = 2*x**2 + 1. Let z(r) = 49*r**2 - 12*r + 79. Let q(h) = 2*a(h) + z(h). Is q(7) a prime number?
False
Suppose 4*w - 130 = -22*w. Suppose -w*v - 2*j = -844 - 1761, 521 = v + j. Is v a composite number?
False
Let i(b) = -1605*b**3 + 4*b**2 + 8*b + 1. Let d be i(-2). Let l = 20232 - d. Is l prime?
False
Let c(d) be the third derivative of 3*d**6/40 - 11*d**5/60 + 5*d**4/12 - 31*d**3/6 - 6*d**2 - 5. Is c(13) a composite number?
False
Suppose -2*m + 3*x = -19, -3*x = -4 + 13. Suppose 0*y - 4*y - 4269 = 5*d, -m*y = -4*d - 3448. Let f = d + 1300. Is f a composite number?
False
Let y = -167 - -167. Suppose y = -23*l + 17*l + 11370. Is l prime?
False
Suppose 172*b - 176*b + 46390 = 3*v, 58005 = 5*b - 5*v. Is b a composite number?
True
Is (-1495 - 2)*(-2378)/246 prime?
False
Suppose 397*f - 347*f = 11072850. Is f composite?
True
Suppose 2*k - 4755 = -5*b - 1124, 5*k + b = 9112. Is k composite?
False
Let i(o) = 4*o + 24. Let r be i(-5). Is 112/(-64) - (-16515)/r prime?
True
Suppose -42 = 51*o - 65*o. Let g = -5 + 7. Suppose -4*a + g*p = -5880, a - 4*a = -o*p - 4407. Is a a prime number?
True
Let s(q) = q**3 - 13*q**2 + q + 2. Let l be (-3 - -1*18) + -2. Let o be s(l). Suppose -o*b = -4*b - 1771. Is b prime?
False
Suppose 0*m + 81485 = 5*m - p, 0 = 5*p. Is m prime?
False
Let x = 66617 - 32598. Is x composite?
False
Let u(d) = d**3 + 6*d**2 + 7*d + 8. Let z be u(-4). Let o be (-25532)/42 + z/(-126). Let m = o + 7729. Is m composite?
False
Let t(d) = 40*d**2 + 1. Let u be t(-1). Let q be ((-74)/(-10))/(1/10) - -2. Let a = q - u. Is a a composite number?
True
Let w(l) = 490*l**2 - 3*l + 157. Is w(-10) a prime number?
False
Suppose -3*x - 1470 = -5*v, 8*x = -3*v + 3*x + 916. Let f = v + -200. Is f composite?
False
Let b(z) = 3*z**3 - 3*z**2 + 2*z + 6. Let d be b(-5). Let u = d - -1293. Is u a prime number?
True
Let o be (-6)/3*(6 - (0 + 8)). Let k(f) = 28*f**2 + 8*f - 35. Is k(o) composite?
True
Suppose -3*m = -3*n - 97413, -129860 = 10*m - 14*m - 2*n. Is m prime?
True
Suppose h + 2*d = 199027, 7*h = 5*h + 2*d + 398036. Is h prime?
True
Is 856035 - (-17)/((-476)/(-64))*7/(-2) a composite number?
True
Let i = 312 - 330. Let t(r) be the first derivative of -10*r**2 + 47*r - 1. Is t(i) composite?
True
Is (7981479/(-66))/(18/(-12)) prime?
True
Suppose -20 = 102*c - 101*c. Is ((-15)/25 - (-28)/c) + 3709 a prime number?
False
Let w = 84 - 78. Suppose -2*g + 0 = -w. Suppose -g*l = 3*v - 3269 - 1357, -l + 1545 = -2*v. Is l prime?
True
Suppose -5*d + 4*u = 5 - 6, 0 = 5*d - 3*u + 3. Is d - ((-15)/3 + (-4580 - 1)) a composite number?
False
Let w be (-4)/30 + 2387/15. Let a = 282 - w. Is (-2)/((-2)/a - (2 + -2)) a 